994?
False
Is 22 a factor of 320650?
True
Does 11 divide 84491?
True
Does 226 divide 1066946?
True
Does 26 divide 1215760?
True
Does 7 divide 1874904?
False
Is 96000 a multiple of 8?
True
Does 21 divide 28326?
False
Does 43 divide 2251935?
False
Is 350850 a multiple of 78?
False
Is 97 a factor of 184203?
True
Is 5916831 a multiple of 197?
False
Is 5 a factor of 5971480?
True
Does 65 divide 123224?
False
Does 128 divide 551921?
False
Does 241 divide 31571?
True
Is 10 a factor of 15110660?
True
Does 33 divide 431852?
False
Is 3193458 a multiple of 138?
True
Is 3 a factor of 28814?
False
Does 55 divide 1981155?
True
Does 12 divide 381108?
True
Does 20 divide 459340?
True
Does 31 divide 120700?
False
Is 392 a factor of 341550?
False
Is 19 a factor of 29792?
True
Is 56 a factor of 53243?
False
Is 750 a factor of 2532636?
False
Is 123968 a multiple of 149?
True
Does 6 divide 4728?
True
Does 347 divide 2697801?
False
Is 23180 a multiple of 19?
True
Does 9 divide 666961?
False
Is 35849 a multiple of 349?
False
Is 7 a factor of 75250?
True
Does 26 divide 246974?
True
Is 111 a factor of 192141?
True
Does 509 divide 1110320?
False
Is 978040 a multiple of 140?
True
Does 5 divide 113185?
True
Is 87876 a multiple of 183?
False
Does 624 divide 446521?
False
Is 60 a factor of 219321?
False
Is 709011 a multiple of 359?
False
Is 2 a factor of 1132898?
True
Is 1008 a factor of 1336946?
False
Does 590 divide 4129410?
True
Is 22 a factor of 498080?
True
Is 361 a factor of 239093?
False
Is 157006 a multiple of 58?
True
Is 6696300 a multiple of 1313?
True
Is 583 a factor of 359128?
True
Is 55272 a multiple of 47?
True
Is 297198 a multiple of 22?
True
Does 3 divide 3021?
True
Is 993968 a multiple of 368?
True
Is 122 a factor of 370026?
True
Is 133 a factor of 798532?
True
Does 117 divide 700524?
False
Is 495 a factor of 480946?
False
Is 17031784 a multiple of 946?
True
Is 637806 a multiple of 37?
True
Is 18 a factor of 2627586?
True
Is 933104 a multiple of 49?
False
Does 688 divide 590102?
False
Is 151834 a multiple of 29?
False
Is 502896 a multiple of 8?
True
Does 28 divide 365036?
True
Is 301593 a multiple of 229?
True
Is 134017 a multiple of 274?
False
Is 54 a factor of 457474?
False
Is 966600 a multiple of 24?
True
Is 58 a factor of 539581?
False
Is 476280 a multiple of 81?
True
Is 150080 a multiple of 70?
True
Is 77 a factor of 264328?
False
Is 999920 a multiple of 16?
True
Is 262752 a multiple of 8?
True
Is 52 a factor of 11178024?
True
Is 7008481 a multiple of 214?
False
Is 125413 a multiple of 11?
False
Is 37900 a multiple of 25?
True
Does 103 divide 748501?
True
Is 196944 a multiple of 12?
True
Is 4 a factor of 397471?
False
Does 68 divide 44404?
True
Is 2405 a multiple of 29?
False
Does 5 divide 130405?
True
Is 4007248 a multiple of 518?
True
Is 1949021 a multiple of 546?
False
Is 9315 a multiple of 345?
True
Is 1337027 a multiple of 373?
False
Is 4 a factor of 2787873?
False
Does 11 divide 20835536?
False
Does 459 divide 99144?
True
Is 168519 a multiple of 11?
False
Is 562 a factor of 1210722?
False
Is 52 a factor of 734142?
False
Is 417988 a multiple of 115?
False
Is 10 a factor of 556558?
False
Is 2 a factor of 101288?
True
Is 6981216 a multiple of 33?
True
Does 127 divide 48260?
True
Is 367416 a multiple of 6?
True
Is 33 a factor of 167607?
True
Does 17 divide 24718?
True
Is 23 a factor of 1303946?
False
Is 286 a factor of 21273?
False
Does 3 divide 60784?
False
Does 118 divide 5366640?
True
Is 263 a factor of 390818?
True
Is 62355 a multiple of 58?
False
Is 13 a factor of 168005?
False
Is 36452 a multiple of 5?
False
Is 38295 a multiple of 23?
True
Does 140 divide 885414?
False
Is 47253 a multiple of 81?
False
Is 14 a factor of 141918?
True
Is 198 a factor of 2196612?
True
Is 166 a factor of 774781?
False
Is 318696 a multiple of 220?
False
Is 13 a factor of 5252?
True
Does 558 divide 98222?
False
Is 21 a factor of 311241?
True
Is 8 a factor of 128537?
False
Is 786397 a multiple of 19?
False
Does 40 divide 2284280?
True
Does 65 divide 7980195?
False
Does 9 divide 45959?
False
Is 14 a factor of 3191300?
True
Is 139878 a multiple of 166?
False
Does 12 divide 169490?
False
Is 4438786 a multiple of 3?
False
Is 3630690 a multiple of 135?
True
Is 64139 a multiple of 608?
False
Is 310048 a multiple of 22?
False
Is 536220 a multiple of 108?
True
Is 44 a factor of 4469476?
True
Is 119400 a multiple of 75?
True
Is 4158004 a multiple of 366?
False
Is 120303 a multiple of 73?
False
Is 21 a factor of 629895?
True
Is 23771 a multiple of 2?
False
Is 24 a factor of 2153192?
False
Is 99 a factor of 739280?
False
Does 6 divide 704754?
True
Is 15550566 a multiple of 201?
True
Is 2 a factor of 377581?
False
Is 186 a factor of 94860?
True
Is 2206248 a multiple of 488?
True
Is 36 a factor of 8248375?
False
Is 10118346 a multiple of 14?
True
Does 181 divide 2628663?
True
Is 3069916 a multiple of 82?
True
Does 20 divide 1164740?
True
Is 69707 a multiple of 11?
True
Does 396 divide 10427472?
True
Is 61 a factor of 528199?
True
Does 2279 divide 28884046?
True
Is 486 a factor of 546017?
False
Does 65 divide 2159932?
False
Is 205805 a multiple of 11?
False
Is 4360787 a multiple of 36?
False
Does 66 divide 11871156?
True
Is 17 a factor of 117657?
True
Does 20 divide 7242660?
True
Is 252 a factor of 521077?
False
Is 3 a factor of 190023?
True
Is 14 a factor of 2177234?
False
Is 2 a factor of 1420365?
False
Does 1214 divide 6187758?
True
Is 28 a factor of 1256415?
False
Does 357 divide 28917?
True
Is 1615008 a multiple of 26?
False
Is 559 a factor of 21792910?
False
Is 511230 a multiple of 189?
False
Is 34 a factor of 79108?
False
Is 163 a factor of 227669?
False
Is 695 a factor of 554573?
False
Is 138 a factor of 9801111?
False
Is 4 a factor of 179576?
True
Is 1415620 a multiple of 185?
True
Is 16913631 a multiple of 18?
False
Is 12942168 a multiple of 21?
False
Is 160 a factor of 719520?
True
Does 67 divide 7094?
False
Is 129 a factor of 22575?
True
Is 133 a factor of 60116?
True
Does 586 divide 186348?
True
Does 465 divide 118110?
True
Is 246924 a multiple of 18?
True
Is 738171 a multiple of 63?
True
Is 292284 a multiple of 207?
True
Is 1218241 a multiple of 113?
False
Is 41 a factor of 2264407?
False
Does 456 divide 6569592?
True
Does 618 divide 1018990?
False
Is 335 a factor of 11629267?
False
Is 485208 a multiple of 11?
False
Does 400 divide 322000?
True
Does 158 divide 601032?
True
Does 55 divide 295370?
False
Is 8136925 a multiple of 4?
False
Is 92 a factor of 11224?
True
Is 5578819 a multiple of 147?
False
Is 37657 a multiple of 226?
False
Is 15816816 a multiple of 48?
True
Is 174302 a multiple of 11?
False
Does 37 divide 50915?
False
Is 273 a factor of 536529?
False
Is 1030340 a multiple of 10?
True
Is 247 a factor of 415503?
False
Is 81 a factor of 39573?
False
Is 11407773 a multiple of 10?
False
Is 133122 a multiple of 359?
False
Does 406 divide 19434408?
True
Is 11 a factor of 4831849?
True
Is 5758400 a multiple of 59?
True
Is 59 a factor of 27903?
False
Is 12 a factor of 342564?
True
Does 28 divide 65697?
False
Does 527 divide 15406?
False
Does 8 divide 96896?
True
Does 11 divide 843084?
True
Is 1375871 a multiple of 21?
False
Does 28 divide 213612?
True
Does 793 divide 8189311?
True
Is 54 a factor of 23652295?
False
Does 78 divide 1608?
False
Is 114280 a multiple of 8?
True
Is 15 a factor of 1246095?
True
Does 116 divide 8600472?
True
Is 203 a factor of 179046?
True
Does 30 divide 243450?
True
Does 76 divide 62776?
True
Is 23045 a multiple of 419?
True
Is 66 a factor of 66987?
False
Is 484 a factor of 484?
True
Is 4 a factor of 469252?
True
Does 18 divide 3576420?
True
Is 59715 a multiple of 15?
True
Does 25 divide 2100942?
False
Is 1494969 a multiple of 21?
True
Is 7 a factor of 527506?
True
Does 824 divide 818232?
True
Is 4 a factor of 4603851?
False
Is 5 a factor of 36456?
False
Is 896062 a multiple of 4?
False
Does 354 divide 32568?
True
Does 66 divide 13282038?
True
Does 26 divide 59116?
False
Does 107 divide 245135?
False
Does 33 divide 28017?
True
Does 11 divide 205315?
True
Is 577477 a multiple of 40?
False
Is 527 a factor of 4052103?
True
Is 12608 a multiple of 3?
False
Does 368 divide 2499393?
False
Is 155 a factor of 105245?
True
Does 61 divide 452132?
